4 (base 7) to base 8.
4410720
Convert -a211a (base 12) to base 2.
-110011100000100110
What is 4d254 (base 16) in base 2?
1001101001001010100
21001011202110 (base 3) to base 2
1110010001111000000110
Convert 178baaa (base 12) to base 10.
4914274
What is -a7a42 (base 12) in base 13?
-7974b
Convert -336c23 (base 13) to base 8.
-4504521
What is -83002 (base 16) in base 3?
-1000021001021
What is 17276 (base 14) in base 2?
1110001100001000
-1322111310 (base 4) to base 9
-843346
1a423 (base 11) to base 16
6f2c
What is -34424230 (base 5) in base 10?
-311190
-202553014 (base 6) to base 11
-1a7a581
What is -1600110 (base 10) in base 9?
-3007840
Convert adc89 (base 14) to base 7.
3406132
-812519 (base 12) to base 13
-557574
1117a (base 16) to base 2
10001000101111010
-84db9 (base 16) to base 5
-114403220
-142743 (base 9) to base 12
-42679
1929480 (base 10) to base 5
443220410
Convert -15a056 (base 12) to base 14.
-98b06
-2b844 (base 13) to base 12
-3ba35
2122110000 (base 3) to base 2
1100101101110011
23113102002 (base 4) to base 16
2d7482
-23d6c7 (base 15) to base 8
-6427505
Convert 44803 (base 13) to base 2.
11110010111100011
What is 13101001232 (base 4) in base 16?
1d106e
-422599 (base 14) to base 10
-2234731
Convert 130b14 (base 12) to base 15.
6297a
-3333312 (base 7) to base 11
-2613a4
What is -c1cda4 (base 14) in base 15?
-88e2ee
-35074142 (base 8) to base 6
-431333534
-104024023 (base 6) to base 12
-762013
What is -60187 (base 11) in base 6?
-1515410
Convert 12601640 (base 8) to base 15.
3aa3bb
a06197 (base 12) to base 8
11420603
-22031 (base 6) to base 14
-1175
-6512a8 (base 14) to base 15
-47903d
-101100011001000011111 (base 2) to base 14
-29c179
What is 627054 (base 8) in base 9?
346816
d38e (base 15) to base 13
17453
What is 44020013 (base 6) in base 4?
10333210221
Convert 321081 (base 12) to base 4.
3000310201
What is 22515660 (base 7) in base 12?
7b0673
12114233 (base 5) to base 12
55965
What is 260310664 (base 7) in base 12?
564a61a
-100100110011111001101 (base 2) to base 6
-41504205
Convert -28016c (base 13) to base 8.
-3551105
-7551127 (base 8) to base 14
-3a81a7
Convert 96a50 (base 13) to base 16.
42672
Convert -1005410 (base 8) to base 12.
-109408
-3002623 (base 8) to base 11
-498a26
What is -24b4c (base 13) in base 6?
-1242013
Convert 7056676 (base 9) to base 3.
21001220202120
Convert 171a8 (base 16) to base 2.
10111000110101000
Convert 107275 (base 10) to base 5.
11413100
What is -27076505 (base 8) in base 16?
-5c7d45
What is 67b99 (base 12) in base 4?
201233211
What is -534157 (base 10) in base 6?
-15240541
134fa (base 16) to base 7
446415
-324104 (base 6) to base 3
-1100210111
What is -1010314202 (base 5) in base 2?
-111110010011111001010
Convert -753840 (base 11) to base 4.
-10212110333
Convert -20202210122 (base 4) to base 15.
-2e34eb
Convert 294118 (base 11) to base 7.
3622112
What is 106394 (base 10) in base 3?
12101221112
Convert 1231303023 (base 4) to base 7.
3552123
-1110010000010000000 (base 2) to base 11
-299a11
What is 2651500 (base 7) in base 3?
122201101001
-405131 (base 8) to base 15
-2994b
Convert -10111222022200 (base 3) to base 2.
-111001000011001001110
What is 11001100100101101 (base 2) in base 6?
2124541
125094b (base 12) to base 16
36c24b
What is -220100323033 (base 4) in base 11?
-5a5a214
What is -100101011001011 (base 2) in base 7?
-106552
Convert -1114152 (base 6) to base 9.
-85645
What is 365536 (base 7) in base 6?
1233154
645512 (base 10) to base 15
cb3e2
212112021201 (base 3) to base 15
9234d
-1001000000001111000 (base 2) to base 3
-112222201010
-2068a4 (base 12) to base 15
-a0d8d
What is 1ba24 (base 16) in base 8?
335044
What is 10100000000011011000100 (base 2) in base 16?
5006c4
Convert 49482 (base 10) to base 7.
264156
Convert -1a0a731 (base 12) to base 6.
-313420501
-18340 (base 14) to base 15
-13127
19ccc (base 15) to base 12
40670
Convert -32201123230 (base 4) to base 16.
-3a16ec
What is -314821 (base 9) in base 12?
-90477
Convert 517308 (base 10) to base 5.
113023213
What is -1220020101001 (base 3) in base 7?
-11400112
Convert -100111110011001000 (base 2) to base 15.
-3347b
-a66279 (base 13) to base 8
-16675074
2401a (base 14) to base 8
253430
What is -120413020 (base 5) in base 10?
-560385
What is 1548053 (base 9) in base 8?
3215272
-162a45 (base 12) to base 2
-1011100010101010101
What is -120465 (base 10) in base 13?
-42aa7
Convert 93ec34 (base 15) to base 9.
14213824
Convert 100011110011001001 (base 2) to base 10.
146633
Convert -b4745 (base 15) to base 11.
-360844
What is 26781a (base 13) in base 5?
214240311
What is -3a4c4 (base 15) in base 5?
-21433314
What is 124768 (base 11) in base 7?
1446054
What is 3db92e (base 15) in base 7?
34201523
Convert 111334203 (base 5) to base 4.
1321020302
What is -5e9afc (base 16) in base 7?
-103461656
Convert -94537 (base 10) to base 9.
-153611
What is -1211110213 (base 4) in base 5?
-101240030
Convert -5313667 (base 9) to base 5.
-1211444042
What is 12441413 (base 5) in base 13?
44943
22264 (base 9) to base 3
202022011
32d5 (base 16) to base 12
7645
-10520b (base 12) to base 4
-332323223
876ea (base 15) to base 3
210212010011
What is 1b445 (base 14) in base 3?
10112021001
222535 (base 6) to base 14
6bb5
-30a35b (base 13) to base 11
-706900
Convert 1000110010001100100 (base 2) to base 6.
10100340
What is -214144312 (base 5) in base 4?
-3202211102
68fa0 (base 16) to base 8
1507640
What is 7e8a4 (base 16) in base 14?
d6c60
What is -10120100111 (base 3) in base 16?
-11260
Convert -4306633 (base 7) to base 9.
-876857
-122232012013 (base 4) to base 13
-15b3308
What is 18c8189 (base 14) in base 11?
6a51809
What is -88c1 (base 13) in base 15?
-59c5
-101104224 (base 6) to base 7
-20514211
What is -100110202212 (base 3) in base 8?
-554132
-1320643 (base 8) to base 12
-1596ab
Convert 1d469 (base 14) to base 15.
1732a
Convert -1130335 (base 6) to base 4.
-32101103
Convert -2a179a (base 12) to base 13.
-1ba282
What is 100222 (base 15) in base 2?
10111001100000110001
What is -1010021002201 (base 4) in base 11?
-a0a0665
Convert -10012200010 (base 3) to base 9.
-105603
78610 (base 9) to base 4
30300132
What is -ba5c (base 15) in base 2?
-1001101000100110
What is 174002 (base 9) in base 3?
12111000002
What is -100110102100212 (base 3) in base 12?
-18254a2
145a514 (base 13) to base 9
13162553
-120110002220111 (base 3) to base 14
-1139d58
214330 (base 13) to base 2
10111110100011000001
What is 13201e (base 16) in base 6?
42510450
-320135534 (base 6) to base 7
-65461354
313059 (base 13) to base 11
715381
-328047 (base 15) to base 11
-13a3aa5
2676316 (base 11) to base 4
101213333321
Convert -46aa9 (base 16) to base 12.
-11b609
What is 364c82 (base 15) in base 16?
27a535
Convert 1875385 (base 9) to base 11.
65a752
What is -1047a3 (base 11) in base 4?
-220312213
Convert -75642 (base 8) to base 16.
-7ba2
-11111001011110100 (base 2) to base 8
-371364
What is -4676a0 (base 11) in base 6?
-23524043
What is 314677 (base 8) in base 15?
21130
What is 21210110022 (base 3) in base 16?
2574e
Convert 183729 (base 10) to base 12.
8a3a9
Convert 1a6809 (base 12) to base 6.
14005213
Convert -841a1 (base 11) to base 7.
-1020452
2030553 (base 12) to base 2
10111000001011000001111
2dc12a (base 15) to base 3
11011200000211
-133b8 (base 15) to base 10
-61598
What is -2291577 (base 11) in base 8?
-17202445
10001110110101110110 (base 2) to base 7
4654524
-266500 (base 7) to base 4
-30102103
What is 506a758 (base 11) in base 5?
4243203441
What is 156750 (base 10) in base 12?
76866
What is 502164 (base 8) in base 13?
5a12a
Convert -110000011101001101010 (base 2) to base 11.
-994a51
What is 3032211100 (base 4) in base 10?
846160
3042111214 (base 5) to base 13
1394321
What is -6132d4 (base 14) in base 9?
-6140276
What is 1476c2 (base 14) in base 15?
e0e97
-738174 (base 11) to base 2
-100100000100110110010
Convert 1133333212 (base 4) to base 9.
658317
-1524652 (base 8) to base 16
-6a9aa
Convert -1111120332 (base 4) to base 2.
-1010101011000111110
What is 22357a (base 11) in base 16?
56ee5
What is -225351053 (base 7) in base 10?
-13827740
-1015528 (base 10) to base 3
-1220121001011
Convert a58ab (base 12) to base 5.
23423113
What is 1380077 (base 11) in base 6?
122501050
What is -563462 (base 7) in base 8?
-